{"id":9,"date":"2013-05-07T12:12:05","date_gmt":"2013-05-07T10:12:05","guid":{"rendered":"http:\/\/localhost\/balatoncsicso.hu\/nivegyvolgyiszallas\/?page_id=9"},"modified":"2025-03-05T13:34:03","modified_gmt":"2025-03-05T12:34:03","slug":"arak","status":"publish","type":"page","link":"https:\/\/balatoncsicso.hu\/ifiszallo\/arak\/","title":{"rendered":"\u00c1rak"},"content":{"rendered":"<table border=\"1\" cellspacing=\"0\" cellpadding=\"0\">\n<tbody>\n<tr>\n<td valign=\"top\" width=\"326\">Sz\u00e1ll\u00e1sd\u00edj<\/p>\n<p>1-3 \u00e9jszaka eset\u00e9n<\/p>\n<p>4, vagy t\u00f6bb \u00e9jszaka eset\u00e9n<\/td>\n<td valign=\"top\" width=\"326\">&nbsp;<\/p>\n<p>4.500 Ft \/ f\u0151 \/ \u00e9j<\/p>\n<p>3.800 Ft \/ f\u0151 \/ \u00e9j<\/td>\n<\/tr>\n<tr>\n<td valign=\"top\" width=\"326\">S\u00e1torhely, vagy p\u00f3t\u00e1gy<\/td>\n<td valign=\"top\" width=\"326\">2.000 Ft \/ f\u0151 \/ \u00e9j<\/td>\n<\/tr>\n<tr>\n<td valign=\"top\" width=\"326\">Mosat\u00e1si d\u00edj (1-3 \u00e9jszak\u00e1s tart\u00f3zkod\u00e1sn\u00e1l, egyszeri k\u00f6lts\u00e9g)<\/p>\n<p>Telep\u00fcl\u00e9s\u00fcnk\u00f6n az IFA (idegenforgalmi ad\u00f3)<\/p>\n<p>(18 \u00e9v felett)<\/td>\n<td valign=\"top\" width=\"326\">1.500 Ft \/ f\u0151<\/p>\n<p>&nbsp;<\/p>\n<p>400 Ft\/f\u0151\/\u00e9j<\/td>\n<\/tr>\n<tr>\n<td valign=\"top\" width=\"326\"><\/td>\n<td valign=\"top\" width=\"326\"><\/td>\n<\/tr>\n<tr>\n<td valign=\"top\" width=\"326\"><\/td>\n<td valign=\"top\" width=\"326\"><\/td>\n<\/tr>\n<tr>\n<td valign=\"top\" width=\"326\">Bogr\u00e1csk\u00f6lcs\u00f6nz\u00e9si lehet\u0151s\u00e9g<\/td>\n<td valign=\"top\" width=\"326\">van<\/td>\n<\/tr>\n<tr>\n<td valign=\"top\" width=\"326\">\u00a0Terem (felszerelt konyha, \u00e9tkez\u0151) b\u00e9rleti d\u00edj<\/td>\n<td valign=\"top\" width=\"326\">12.000 Ft \/ nap<\/td>\n<\/tr>\n<tr>\n<td valign=\"top\" width=\"326\"><\/td>\n<td valign=\"top\" width=\"326\"><\/td>\n<\/tr>\n<tr>\n<td valign=\"top\" width=\"326\"><\/td>\n<td valign=\"top\" width=\"326\"><\/td>\n<\/tr>\n<\/tbody>\n<\/table>\n<p>Az \u00e1rak v\u00e1ltoztat\u00e1s\u00e1nak jog\u00e1t fenntartjuk.<\/p>\n<p><a title=\"R\u00e9szv\u00e9teli felt\u00e9telek\" href=\"http:\/\/balatoncsicso.hu\/ifiszallo\/?page_id=13\">R\u00e9szv\u00e9teli felt\u00e9telek<\/a><\/p>\n","protected":false},"excerpt":{"rendered":"<p>Sz\u00e1ll\u00e1sd\u00edj 1-3 \u00e9jszaka eset\u00e9n 4, vagy t\u00f6bb \u00e9jszaka eset\u00e9n &nbsp; 4.500 Ft \/ f\u0151 \/ \u00e9j 3.800 Ft \/ f\u0151 \/ \u00e9j S\u00e1torhely, vagy p\u00f3t\u00e1gy 2.000 Ft \/ f\u0151 \/ \u00e9j Mosat\u00e1si d\u00edj (1-3 \u00e9jszak\u00e1s tart\u00f3zkod\u00e1sn\u00e1l, egyszeri k\u00f6lts\u00e9g) Telep\u00fcl\u00e9s\u00fcnk\u00f6n az IFA (idegenforgalmi ad\u00f3) (18 \u00e9v felett) 1.500 Ft \/ f\u0151 &nbsp; 400 Ft\/f\u0151\/\u00e9j Bogr\u00e1csk\u00f6lcs\u00f6nz\u00e9si lehet\u0151s\u00e9g [&hellip;]<\/p>\n","protected":false},"author":3,"featured_media":0,"parent":0,"menu_order":0,"comment_status":"closed","ping_status":"open","template":"","meta":{"footnotes":""},"class_list":["post-9","page","type-page","status-publish","hentry"],"_links":{"self":[{"href":"https:\/\/balatoncsicso.hu\/ifiszallo\/wp-json\/wp\/v2\/pages\/9","targetHints":{"allow":["GET"]}}],"collection":[{"href":"https:\/\/balatoncsicso.hu\/ifiszallo\/wp-json\/wp\/v2\/pages"}],"about":[{"href":"https:\/\/balatoncsicso.hu\/ifiszallo\/wp-json\/wp\/v2\/types\/page"}],"author":[{"embeddable":true,"href":"https:\/\/balatoncsicso.hu\/ifiszallo\/wp-json\/wp\/v2\/users\/3"}],"replies":[{"embeddable":true,"href":"https:\/\/balatoncsicso.hu\/ifiszallo\/wp-json\/wp\/v2\/comments?post=9"}],"version-history":[{"count":10,"href":"https:\/\/balatoncsicso.hu\/ifiszallo\/wp-json\/wp\/v2\/pages\/9\/revisions"}],"predecessor-version":[{"id":644,"href":"https:\/\/balatoncsicso.hu\/ifiszallo\/wp-json\/wp\/v2\/pages\/9\/revisions\/644"}],"wp:attachment":[{"href":"https:\/\/balatoncsicso.hu\/ifiszallo\/wp-json\/wp\/v2\/media?parent=9"}],"curies":[{"name":"wp","href":"https:\/\/api.w.org\/{rel}","templated":true}]}}