{"id":636,"date":"2024-07-02T22:44:01","date_gmt":"2024-07-02T20:44:01","guid":{"rendered":"https:\/\/balatoncsicso.hu\/ifiszallo\/?page_id=636"},"modified":"2026-03-11T21:21:03","modified_gmt":"2026-03-11T20:21:03","slug":"3d-tura-a-szallon","status":"publish","type":"page","link":"https:\/\/balatoncsicso.hu\/ifiszallo\/3d-tura-a-szallon\/","title":{"rendered":"3D t\u00fara a sz\u00e1ll\u00f3n"},"content":{"rendered":"<p><a href=\"https:\/\/balatoncsicso.hu\/ifiszallo\/wp-content\/uploads\/virtual-tour-ifjusagi-szallo\/\" target=\"_blank\" rel=\"noopener\"><strong>T\u00e9rj be hozz\u00e1nk dr\u00e1ga vend\u00e9g!<\/strong><\/a> &#8211; Panor\u00e1ma k\u00f6rs\u00e9ta ind\u00edt\u00e1sa<\/p>\n<p>A 3D haszn\u00e1lata:<\/p>\n<p>Kattints a jobb fels\u0151 sarokba \u00e9s m\u00e1ris k\u00f6rbe n\u00e9zhetsz! Mobilon, vagy sz\u00e1m\u00edt\u00f3g\u00e9pen az eg\u00e9rrel, \u00e9rint\u0151paddal elindul a virtu\u00e1lis s\u00e9ta! Ak\u00e1r egy j\u00e1t\u00e9kban, n\u00e9zz jobbra, balra, fel, le, az ujjad vagy az eg\u00e9r seg\u00edts\u00e9g\u00e9vel! Kattints a villog\u00f3 ikonokra \u00e9s n\u00e9zz sz\u00e9t a sz\u00e1ll\u00f3helyis\u00e9geiben, szob\u00e1iban, s\u0151t ak\u00e1r k\u00f6rbe is s\u00e9t\u00e1lhatod, hogy pontosan tudd, milyen a Nivegy-v\u00f6lgyi IfiSz\u00e1ll\u00f3!<\/p>\n<p>A k\u00e9perny\u0151 jobb als\u00f3 sark\u00e1ban l\u00e9v\u0151 megoszt\u00e1s ikonra kattintva az aktu\u00e1lis n\u00e9zet URL-j\u00e9t m\u00e1solhatod a v\u00e1g\u00f3lapra, \u00edgy k\u00e9sz\u00edthetsz fot\u00f3t, vagy megoszthatod \u00e9s azonnal meg is mutathatod csal\u00e1dtagjaidnak, bar\u00e1taidnak a sz\u00e1ll\u00e1shelyet.<\/p>\n<p>Kattints a bal fels\u0151 sarokba \u00e9s fedezd fel a sz\u00e1ll\u00f3t k\u00e9pekben! Igyekezt\u00fcnk \u00fagy meg\u00f6r\u00f6k\u00edteni, hogy pontosan tudd, mi az, ami fogadni fog, amikor bel\u00e9psz. Tal\u00e1lsz k\u00e9peket az IfiSz\u00e1ll\u00f3 bels\u0151 \u00e9s a k\u00fcls\u0151 r\u00e9sz\u00e9r\u0151l, de ha az al\u00e1bbi linkre kattintasz, akkor ak\u00e1r az eg\u00e9sz telep\u00fcl\u00e9st \u00e9s k\u00f6rny\u00e9k\u00e9t is felt\u00e9rk\u00e9pezheted!<\/p>\n<p><a href=\"https:\/\/balatoncsicso.hu\/ifiszallo\/wp-content\/uploads\/virtual-tour\/\" target=\"_blank\" rel=\"noopener\">S\u00e9t\u00e1lj egyet Balatoncsics\u00f3n!<\/a> &#8211; Panor\u00e1ma k\u00f6rs\u00e9ta ind\u00edt\u00e1sa<\/p>\n<p><strong>T\u00e9rj be hozz\u00e1nk, de ne csak virtu\u00e1lisan! <\/strong><strong>J\u00f3 barangol\u00e1st!<\/strong><\/p>\n<p>Ha pedig tetszett, amit l\u00e1tt\u00e1l, vagy k\u00e9rd\u00e9sed lenne, keress minket b\u00e1tran az al\u00e1bbi el\u00e9rhet\u0151s\u00e9geken!<\/p>\n<p><strong>Nivegy-v\u00f6lgyi Ifj\u00fas\u00e1gi Sz\u00e1ll\u00f3<br \/>\n<\/strong>Telefon: <a href=\"tel:+36-20-492-8535\">+36-20-492-8535<\/a><br \/>\nEmail: <a href=\"mailto:ifiszallo@balatoncsicso.hu\">ifiszallo@balatoncsicso.hu<\/a><\/p>\n<p>&nbsp;<\/p>\n","protected":false},"excerpt":{"rendered":"<p>T\u00e9rj be hozz\u00e1nk dr\u00e1ga vend\u00e9g! &#8211; Panor\u00e1ma k\u00f6rs\u00e9ta ind\u00edt\u00e1sa A 3D haszn\u00e1lata: Kattints a jobb fels\u0151 sarokba \u00e9s m\u00e1ris k\u00f6rbe n\u00e9zhetsz! Mobilon, vagy sz\u00e1m\u00edt\u00f3g\u00e9pen az eg\u00e9rrel, \u00e9rint\u0151paddal elindul a virtu\u00e1lis s\u00e9ta! Ak\u00e1r egy j\u00e1t\u00e9kban, n\u00e9zz jobbra, balra, fel, le, az ujjad vagy az eg\u00e9r seg\u00edts\u00e9g\u00e9vel! Kattints a villog\u00f3 ikonokra \u00e9s n\u00e9zz sz\u00e9t a sz\u00e1ll\u00f3helyis\u00e9geiben, szob\u00e1iban, [&hellip;]<\/p>\n","protected":false},"author":3,"featured_media":0,"parent":0,"menu_order":0,"comment_status":"closed","ping_status":"closed","template":"","meta":{"footnotes":""},"class_list":["post-636","page","type-page","status-publish","hentry"],"_links":{"self":[{"href":"https:\/\/balatoncsicso.hu\/ifiszallo\/wp-json\/wp\/v2\/pages\/636","targetHints":{"allow":["GET"]}}],"collection":[{"href":"https:\/\/balatoncsicso.hu\/ifiszallo\/wp-json\/wp\/v2\/pages"}],"about":[{"href":"https:\/\/balatoncsicso.hu\/ifiszallo\/wp-json\/wp\/v2\/types\/page"}],"author":[{"embeddable":true,"href":"https:\/\/balatoncsicso.hu\/ifiszallo\/wp-json\/wp\/v2\/users\/3"}],"replies":[{"embeddable":true,"href":"https:\/\/balatoncsicso.hu\/ifiszallo\/wp-json\/wp\/v2\/comments?post=636"}],"version-history":[{"count":6,"href":"https:\/\/balatoncsicso.hu\/ifiszallo\/wp-json\/wp\/v2\/pages\/636\/revisions"}],"predecessor-version":[{"id":650,"href":"https:\/\/balatoncsicso.hu\/ifiszallo\/wp-json\/wp\/v2\/pages\/636\/revisions\/650"}],"wp:attachment":[{"href":"https:\/\/balatoncsicso.hu\/ifiszallo\/wp-json\/wp\/v2\/media?parent=636"}],"curies":[{"name":"wp","href":"https:\/\/api.w.org\/{rel}","templated":true}]}}